{"id":959,"date":"2023-07-20T13:26:19","date_gmt":"2023-07-20T11:26:19","guid":{"rendered":"https:\/\/www.fardem-packaging.nl\/de\/?page_id=959"},"modified":"2024-01-30T16:05:14","modified_gmt":"2024-01-30T15:05:14","slug":"historie","status":"publish","type":"page","link":"https:\/\/www.fardem-packaging.nl\/de\/historie\/","title":{"rendered":"Geschichte"},"content":{"rendered":"\n<div class=\"hh-block block-row\"data-mb=\"smaller\">\n    <div class=\"block-row__row row block-row__row--preset-2\/3|1\/3 block-row__row--align-stretch\">\n                \n\n<div class=\"hh-block block-column col col--1 col--lg-2\/3\">\n    \n<p class=\"hh-block block-paragraph block-paragraph--id-69effb9921d1b\"data-mb=\"small\">Seitdem hat sich Fardem Packaging zu einem f\u00fchrenden Unternehmen in der europ\u00e4ischen Verpackungsindustrie entwickelt. 1992 bezog das Unternehmen ein neues Fabrikgeb\u00e4ude im Industriegebiet West in Edam.\u00a0 Ein ger\u00e4uscharmes, energieeffizientes Werk, bei dem auch an Klimatisierung gedacht wurde.<\/p>\n\n<p class=\"hh-block block-paragraph block-paragraph--id-69effb9921d93\"data-mb=\"small\">Nach rund 30 Jahren in diesen R\u00e4umlichkeiten ist Fardem nun bereit f\u00fcr den n\u00e4chsten Schritt: Auf dem Gel\u00e4nde wird an einer neuen Zukunft gebaut, wobei Mensch und Umwelt gro\u00dfe Aufmerksamkeit zuteil wird. Mehrere neue Geb\u00e4ude und Maschinen werden daf\u00fcr sorgen, dass sich dieser erfahrene Verpackungshersteller auch weiterhin stabil entwickeln kann. Im Laufe der langen Geschichte von Fardem hatten wir mehrere Eigent\u00fcmer, darunter auch DSM. Seit dem 1.\u00a0Januar\u00a02012 geh\u00f6rt Fardem Packaging zur\u00a0OPACKGROUP, einer Gruppe von sieben Herstellern mit zehn Produktionsstandorten und Hauptsitz in Genderen in Brabant, NL.<\/p>\n<\/div>\n\n\n<div class=\"hh-block block-column col col--1 col--lg-1\/3\"data-mt=\"medium\">\n    \n\n    <div class=\"hh-block block-image\"\n         data-mt=\"none\"         data-mb=\"small\"         data-horizontal-align=\"centered\"\n         data-vertical-align=\"centered\"\n         data-mobile-align=\"centered\">\n\n         \n        <figure class=\"block-image__inner\" style=\"max-width: 857px\">\n\n            \n            \n            <div class=\"block-image__image-container\">\n\n            \n                <picture class=\"block-image__picture\" draggable=\"false\">\n  <source media=\"(min-width: 414px)\" srcset=\"https:\/\/www.fardem-packaging.nl\/de\/wp-content\/uploads\/2023\/12\/nieuwe-locatie-Fardem-1993.jpg\" width=\"857\" height=\"386\" \/>\n  <source media=\"(min-width: 0px)\" srcset=\"https:\/\/www.fardem-packaging.nl\/de\/wp-content\/uploads\/2023\/12\/nieuwe-locatie-Fardem-1993-360x162.jpg 1x, https:\/\/www.fardem-packaging.nl\/de\/wp-content\/uploads\/2023\/12\/nieuwe-locatie-Fardem-1993-720x324.jpg 2x\" width=\"360\" height=\"162\" \/>\n  <img class=\"block-image__image\" draggable=\"false\" decoding=\"async\" loading=\"lazy\" src=\"https:\/\/www.fardem-packaging.nl\/de\/wp-content\/uploads\/2023\/12\/nieuwe-locatie-Fardem-1993.jpg\" alt=\"\" width=\"857\" height=\"386\" \/>\n<\/picture>\n                                    <div\n                        class=\"block-image__holder block-image__holder--desktop\"\n                        style=\"aspect-ratio: 857\/386; max-width: 857px\">\n                    <\/div>\n                \n                                    <div\n                        class=\"block-image__holder block-image__holder--mobile\"\n                        style=\"aspect-ratio: 360\/162; max-width: 360px\">\n                    <\/div>\n                \n                                \n            <\/div>\n\n                        \n\n            \n            \n            \n            \n        <\/figure>\n\n        \n    <\/div>\n\n\n<\/div>\n            <\/div>\n<\/div>\n\n\n<p class=\"hh-block block-paragraph block-paragraph--id-69effb9924c10\"data-mb=\"small\"><\/p>","protected":false},"excerpt":{"rendered":"","protected":false},"author":2,"featured_media":0,"parent":0,"menu_order":20,"comment_status":"closed","ping_status":"closed","template":"","meta":{"_acf_changed":false,"footnotes":""},"class_list":["post-959","page","type-page","status-publish","hentry"],"acf":[],"yoast_head":"<title>Geschichte - Fardem Packaging<\/title>\n<meta name=\"description\" content=\"Ontdek hier hoe het allemaal begon in 1884 met jute doek en zakken. Lees hier meer over de rijkelijke geschiedenis van Fardem Packaging\" \/>\n<meta name=\"robots\" content=\"index, follow, max-snippet:-1, max-image-preview:large, max-video-preview:-1\" \/>\n<link rel=\"canonical\" href=\"https:\/\/www.fardem-packaging.nl\/de\/historie\/\" \/>\n<meta property=\"og:locale\" content=\"de_DE\" \/>\n<meta property=\"og:type\" content=\"article\" \/>\n<meta property=\"og:title\" content=\"Geschichte - Fardem Packaging\" \/>\n<meta property=\"og:description\" content=\"Ontdek hier hoe het allemaal begon in 1884 met jute doek en zakken. Lees hier meer over de rijkelijke geschiedenis van Fardem Packaging\" \/>\n<meta property=\"og:url\" content=\"https:\/\/www.fardem-packaging.nl\/de\/historie\/\" \/>\n<meta property=\"og:site_name\" content=\"Fardem Packaging\" \/>\n<meta property=\"article:modified_time\" content=\"2024-01-30T15:05:14+00:00\" \/>\n<meta name=\"twitter:card\" content=\"summary_large_image\" \/>\n<meta name=\"twitter:label1\" content=\"Gesch\u00e4tzte Lesezeit\" \/>\n\t<meta name=\"twitter:data1\" content=\"1\u00a0Minute\" \/>\n<script type=\"application\/ld+json\" class=\"yoast-schema-graph\">{\"@context\":\"https:\/\/schema.org\",\"@graph\":[{\"@type\":\"WebPage\",\"@id\":\"https:\/\/www.fardem-packaging.nl\/de\/historie\/\",\"url\":\"https:\/\/www.fardem-packaging.nl\/de\/historie\/\",\"name\":\"Geschichte - Fardem Packaging\",\"isPartOf\":{\"@id\":\"https:\/\/www.fardem-packaging.nl\/de\/#website\"},\"datePublished\":\"2023-07-20T11:26:19+00:00\",\"dateModified\":\"2024-01-30T15:05:14+00:00\",\"description\":\"Ontdek hier hoe het allemaal begon in 1884 met jute doek en zakken. Lees hier meer over de rijkelijke geschiedenis van Fardem Packaging\",\"breadcrumb\":{\"@id\":\"https:\/\/www.fardem-packaging.nl\/de\/historie\/#breadcrumb\"},\"inLanguage\":\"de\",\"potentialAction\":[{\"@type\":\"ReadAction\",\"target\":[\"https:\/\/www.fardem-packaging.nl\/de\/historie\/\"]}]},{\"@type\":\"BreadcrumbList\",\"@id\":\"https:\/\/www.fardem-packaging.nl\/de\/historie\/#breadcrumb\",\"itemListElement\":[{\"@type\":\"ListItem\",\"position\":1,\"name\":\"Home\",\"item\":\"https:\/\/www.fardem-packaging.nl\/de\/\"},{\"@type\":\"ListItem\",\"position\":2,\"name\":\"Geschichte\"}]},{\"@type\":\"WebSite\",\"@id\":\"https:\/\/www.fardem-packaging.nl\/de\/#website\",\"url\":\"https:\/\/www.fardem-packaging.nl\/de\/\",\"name\":\"Fardem Packaging\",\"description\":\"The sustainable innovator\",\"potentialAction\":[{\"@type\":\"SearchAction\",\"target\":{\"@type\":\"EntryPoint\",\"urlTemplate\":\"https:\/\/www.fardem-packaging.nl\/de\/?suchanfrage={search_term_string}\"},\"query-input\":{\"@type\":\"PropertyValueSpecification\",\"valueRequired\":true,\"valueName\":\"search_term_string\"}}],\"inLanguage\":\"de\"}]}<\/script>","yoast_head_json":{"title":"Geschichte - Fardem Packaging","description":"Ontdek hier hoe het allemaal begon in 1884 met jute doek en zakken. Lees hier meer over de rijkelijke geschiedenis van Fardem Packaging","robots":{"index":"index","follow":"follow","max-snippet":"max-snippet:-1","max-image-preview":"max-image-preview:large","max-video-preview":"max-video-preview:-1"},"canonical":"https:\/\/www.fardem-packaging.nl\/de\/historie\/","og_locale":"de_DE","og_type":"article","og_title":"Geschichte - Fardem Packaging","og_description":"Ontdek hier hoe het allemaal begon in 1884 met jute doek en zakken. Lees hier meer over de rijkelijke geschiedenis van Fardem Packaging","og_url":"https:\/\/www.fardem-packaging.nl\/de\/historie\/","og_site_name":"Fardem Packaging","article_modified_time":"2024-01-30T15:05:14+00:00","twitter_card":"summary_large_image","twitter_misc":{"Gesch\u00e4tzte Lesezeit":"1\u00a0Minute"},"schema":{"@context":"https:\/\/schema.org","@graph":[{"@type":"WebPage","@id":"https:\/\/www.fardem-packaging.nl\/de\/historie\/","url":"https:\/\/www.fardem-packaging.nl\/de\/historie\/","name":"Geschichte - Fardem Packaging","isPartOf":{"@id":"https:\/\/www.fardem-packaging.nl\/de\/#website"},"datePublished":"2023-07-20T11:26:19+00:00","dateModified":"2024-01-30T15:05:14+00:00","description":"Ontdek hier hoe het allemaal begon in 1884 met jute doek en zakken. Lees hier meer over de rijkelijke geschiedenis van Fardem Packaging","breadcrumb":{"@id":"https:\/\/www.fardem-packaging.nl\/de\/historie\/#breadcrumb"},"inLanguage":"de","potentialAction":[{"@type":"ReadAction","target":["https:\/\/www.fardem-packaging.nl\/de\/historie\/"]}]},{"@type":"BreadcrumbList","@id":"https:\/\/www.fardem-packaging.nl\/de\/historie\/#breadcrumb","itemListElement":[{"@type":"ListItem","position":1,"name":"Home","item":"https:\/\/www.fardem-packaging.nl\/de\/"},{"@type":"ListItem","position":2,"name":"Geschichte"}]},{"@type":"WebSite","@id":"https:\/\/www.fardem-packaging.nl\/de\/#website","url":"https:\/\/www.fardem-packaging.nl\/de\/","name":"Fardem Packaging","description":"The sustainable innovator","potentialAction":[{"@type":"SearchAction","target":{"@type":"EntryPoint","urlTemplate":"https:\/\/www.fardem-packaging.nl\/de\/?suchanfrage={search_term_string}"},"query-input":{"@type":"PropertyValueSpecification","valueRequired":true,"valueName":"search_term_string"}}],"inLanguage":"de"}]}},"_links":{"self":[{"href":"https:\/\/www.fardem-packaging.nl\/de\/wp-json\/wp\/v2\/pages\/959","targetHints":{"allow":["GET"]}}],"collection":[{"href":"https:\/\/www.fardem-packaging.nl\/de\/wp-json\/wp\/v2\/pages"}],"about":[{"href":"https:\/\/www.fardem-packaging.nl\/de\/wp-json\/wp\/v2\/types\/page"}],"author":[{"embeddable":true,"href":"https:\/\/www.fardem-packaging.nl\/de\/wp-json\/wp\/v2\/users\/2"}],"replies":[{"embeddable":true,"href":"https:\/\/www.fardem-packaging.nl\/de\/wp-json\/wp\/v2\/comments?post=959"}],"version-history":[{"count":25,"href":"https:\/\/www.fardem-packaging.nl\/de\/wp-json\/wp\/v2\/pages\/959\/revisions"}],"predecessor-version":[{"id":1734,"href":"https:\/\/www.fardem-packaging.nl\/de\/wp-json\/wp\/v2\/pages\/959\/revisions\/1734"}],"wp:attachment":[{"href":"https:\/\/www.fardem-packaging.nl\/de\/wp-json\/wp\/v2\/media?parent=959"}],"curies":[{"name":"wp","href":"https:\/\/api.w.org\/{rel}","templated":true}]}}

<div class="hh-block block-row"data-mb="smaller">
    <div class="block-row__row row block-row__row--preset-2/3|1/3 block-row__row--align-stretch">
                

<div class="hh-block block-column col col--1 col--lg-2/3">
    
<p class="hh-block block-paragraph block-paragraph--id-69effb9921d1b"data-mb="small">Seitdem hat sich Fardem Packaging zu einem führenden Unternehmen in der europäischen Verpackungsindustrie entwickelt. 1992 bezog das Unternehmen ein neues Fabrikgebäude im Industriegebiet West in Edam.  Ein geräuscharmes, energieeffizientes Werk, bei dem auch an Klimatisierung gedacht wurde.</p>

<p class="hh-block block-paragraph block-paragraph--id-69effb9921d93"data-mb="small">Nach rund 30 Jahren in diesen Räumlichkeiten ist Fardem nun bereit für den nächsten Schritt: Auf dem Gelände wird an einer neuen Zukunft gebaut, wobei Mensch und Umwelt große Aufmerksamkeit zuteil wird. Mehrere neue Gebäude und Maschinen werden dafür sorgen, dass sich dieser erfahrene Verpackungshersteller auch weiterhin stabil entwickeln kann. Im Laufe der langen Geschichte von Fardem hatten wir mehrere Eigentümer, darunter auch DSM. Seit dem 1. Januar 2012 gehört Fardem Packaging zur OPACKGROUP, einer Gruppe von sieben Herstellern mit zehn Produktionsstandorten und Hauptsitz in Genderen in Brabant, NL.</p>
</div>


<div class="hh-block block-column col col--1 col--lg-1/3"data-mt="medium">
    

    <div class="hh-block block-image"
         data-mt="none"         data-mb="small"         data-horizontal-align="centered"
         data-vertical-align="centered"
         data-mobile-align="centered">

         
        <figure class="block-image__inner" style="max-width: 857px">

            
            
            <div class="block-image__image-container">

            
                <picture class="block-image__picture" draggable="false">
  <source media="(min-width: 414px)" srcset="https://www.fardem-packaging.nl/de/wp-content/uploads/2023/12/nieuwe-locatie-Fardem-1993.jpg" width="857" height="386" />
  <source media="(min-width: 0px)" srcset="https://www.fardem-packaging.nl/de/wp-content/uploads/2023/12/nieuwe-locatie-Fardem-1993-360x162.jpg 1x, https://www.fardem-packaging.nl/de/wp-content/uploads/2023/12/nieuwe-locatie-Fardem-1993-720x324.jpg 2x" width="360" height="162" />
  <img class="block-image__image" draggable="false" decoding="async" loading="lazy" src="https://www.fardem-packaging.nl/de/wp-content/uploads/2023/12/nieuwe-locatie-Fardem-1993.jpg" alt="" width="857" height="386" />
</picture>
                                    <div
                        class="block-image__holder block-image__holder--desktop"
                        style="aspect-ratio: 857/386; max-width: 857px">
                    </div>
                
                                    <div
                        class="block-image__holder block-image__holder--mobile"
                        style="aspect-ratio: 360/162; max-width: 360px">
                    </div>
                
                                
            </div>

                        

            
            
            
            
        </figure>

        
    </div>


</div>
            </div>
</div>


<p class="hh-block block-paragraph block-paragraph--id-69effb9924c10"data-mb="small"></p>

<title>Geschichte - Fardem Packaging</title>
<meta name="description" content="Ontdek hier hoe het allemaal begon in 1884 met jute doek en zakken. Lees hier meer over de rijkelijke geschiedenis van Fardem Packaging" />
<meta name="robots" content="index, follow, max-snippet:-1, max-image-preview:large, max-video-preview:-1" />
<link rel="canonical" href="https://www.fardem-packaging.nl/de/historie/" />
<meta property="og:locale" content="de_DE" />
<meta property="og:type" content="article" />
<meta property="og:title" content="Geschichte - Fardem Packaging" />
<meta property="og:description" content="Ontdek hier hoe het allemaal begon in 1884 met jute doek en zakken. Lees hier meer over de rijkelijke geschiedenis van Fardem Packaging" />
<meta property="og:url" content="https://www.fardem-packaging.nl/de/historie/" />
<meta property="og:site_name" content="Fardem Packaging" />
<meta property="article:modified_time" content="2024-01-30T15:05:14+00:00" />
<meta name="twitter:card" content="summary_large_image" />
<meta name="twitter:label1" content="Geschätzte Lesezeit" />
	<meta name="twitter:data1" content="1 Minute" />
<script type="application/ld+json" class="yoast-schema-graph">{"@context":"https://schema.org","@graph":[{"@type":"WebPage","@id":"https://www.fardem-packaging.nl/de/historie/","url":"https://www.fardem-packaging.nl/de/historie/","name":"Geschichte - Fardem Packaging","isPartOf":{"@id":"https://www.fardem-packaging.nl/de/#website"},"datePublished":"2023-07-20T11:26:19+00:00","dateModified":"2024-01-30T15:05:14+00:00","description":"Ontdek hier hoe het allemaal begon in 1884 met jute doek en zakken. Lees hier meer over de rijkelijke geschiedenis van Fardem Packaging","breadcrumb":{"@id":"https://www.fardem-packaging.nl/de/historie/#breadcrumb"},"inLanguage":"de","potentialAction":[{"@type":"ReadAction","target":["https://www.fardem-packaging.nl/de/historie/"]}]},{"@type":"BreadcrumbList","@id":"https://www.fardem-packaging.nl/de/historie/#breadcrumb","itemListElement":[{"@type":"ListItem","position":1,"name":"Home","item":"https://www.fardem-packaging.nl/de/"},{"@type":"ListItem","position":2,"name":"Geschichte"}]},{"@type":"WebSite","@id":"https://www.fardem-packaging.nl/de/#website","url":"https://www.fardem-packaging.nl/de/","name":"Fardem Packaging","description":"The sustainable innovator","potentialAction":[{"@type":"SearchAction","target":{"@type":"EntryPoint","urlTemplate":"https://www.fardem-packaging.nl/de/?suchanfrage={search_term_string}"},"query-input":{"@type":"PropertyValueSpecification","valueRequired":true,"valueName":"search_term_string"}}],"inLanguage":"de"}]}</script>
